d by 3068.
12
Calculate the remainder when 10723 is divided by 165.
163
What is the remainder when 11104 is divided by 228?
160
What is the remainder when 173097 is divided by 53?
52
Calculate the remainder when 7700 is divided by 550.
0
Calculate the remainder when 2514 is divided by 136.
66
Calculate the remainder when 42743 is divided by 104.
103
What is the remainder when 202 is divided by 27?
13
Calculate the remainder when 4853 is divided by 56.
37
What is the remainder when 7670 is divided by 395?
165
What is the remainder when 790 is divided by 101?
83
Calculate the remainder when 44618 is divided by 180.
158
What is the remainder when 3656 is divided by 394?
110
Calculate the remainder when 4883 is divided by 486.
23
What is the remainder when 16866 is divided by 16653?
213
Calculate the remainder when 7544 is divided by 32.
24
What is the remainder when 4923 is divided by 4556?
367
Calculate the remainder when 5921925 is divided by 1398.
1395
Calculate the remainder when 44689164 is divided by 303.
300
What is the remainder when 9201 is divided by 1146?
33
Calculate the remainder when 207802 is divided by 51949.
6
What is the remainder when 310948 is divided by 1433?
1420
What is the remainder when 37119 is divided by 6186?
3
Calculate the remainder when 2758 is divided by 2548.
210
What is the remainder when 88330 is divided by 12?
10
Calculate the remainder when 10565 is divided by 1890.
1115
What is the remainder when 20856 is divided by 10422?
12
What is the remainder when 6851 is divided by 672?
131
What is the remainder when 13079 is divided by 247?
235
What is the remainder when 263593 is divided by 230?
13
What is the remainder when 9821 is divided by 4?
1
What is the remainder when 950428 is divided by 56?
52
What is the remainder when 11505 is divided by 180?
165
What is the remainder when 58644 is divided by 1276?
1224
Calculate the remainder when 21496 is divided by 19.
7
Calculate the remainder when 54577 is divided by 520.
497
Calculate the remainder when 1824646 is divided by 6.
4
Calculate the remainder when 20558 is divided by 170.
158
What is the remainder when 816 is divided by 62?
10
What is the remainder when 6688 is divided by 38?
0
What is the remainder when 15918 is divided by 30?
18
Calculate the remainder when 12718 is divided by 143.
134
Calculate the remainder when 64062 is divided by 112.
110
What is the remainder when 3871 is divided by 765?
46
What is the remainder when 8268 is divided by 3939?
390
Calculate the remainder when 220196 is divided by 311.
8
Calculate the remainder when 199038 is divided by 20.
18
What is the remainder when 6042 is divided by 151?
2
What is the remainder when 86667 is divided by 86652?
15
What is the remainder when 41469 is divided by 21?
15
What is the remainder when 48167 is divided by 24?
23
What is the remainder when 167405 is divided by 16?
13
What is the remainder when 14102 is divided by 224?
214
Calculate the remainder when 1629 is divided by 58.
5
What is the remainder when 1716 is divided by 532?
120
What is the remainder when 5082119 is divided by 95?
94
Calculate the remainder when 1652600 is divided by 17.
13
Calculate the remainder when 73260 is divided by 685.
650
Calculate the remainder when 4477 is divided by 124.
13
What is the remainder when 1991 is divided by 216?
47
What is the remainder when 1999 is divided by 539?
382
What is the remainder when 17242 is divided by 64?
26
What is the remainder when 43024 is divided by 72?
40
What is the remainder when 17537 is divided by 4367?
69
Calculate the remainder when 13869 is divided by 6842.
185
What is the remainder when 67966 is divided by 591?
1
Calculate the remainder when 182637 is divided by 208.
13
What is the remainder when 1148884 is divided by 382959?
7
Calculate the remainder when 21149 is divided by 5285.
9
What is the remainder when 512 is divided by 164?
20
Calculate the remainder when 685979 is divided by 9.
8
What is the remainder when 2667 is divided by 51?
15
Calculate the remainder when 152816 is divided by 363.
356
What is the remainder when 76610 is divided by 1628?
94
What is the remainder when 78876 is divided by 207?
9
Calculate the remainder when 2438 is divided by 120.
38
What is the remainder when 129402 is divided by 128?
122
Calculate the remainder when 131890 is divided by 1498.
66
Calculate the remainder when 11538 is divided by 1717.
1236
Calculate the remainder when 157195 is divided by 64.
11
What is the remainder when 2130 is divided by 561?
447
Calculate the remainder when 499897 is divided by 25.
22
Calculate the remainder when 1046 is divided by 420.
206
What is the remainder when 4750 is divided by 26?
18
What is the remainder when 11847 is divided by 152?
143
Calculate the remainder when 6257 is divided by 135.
47
What is the remainder when 176313 is divided by 33?
27
Calculate the remainder when 268 is divided by 20.
8
What is the remainder when 2658355 is divided by 634?
627
What is the remainder when 5192 is divided by 8?
0
Calculate the remainder when 17528 is divided by 703.
656
Calculate the remainder when 22431 is divided by 1401.
15
What is the remainder when 64988 is divided by 249?
248
What is the remainder when 363218 is divided by 363210?
8
What is the remainder when 2311 is divided by 15?
1
What is the remainder when 59173 is divided by 3?
1
What is the remainder when 416811 is divided by 762?
759
Calculate the remainder when 2431932 is divided by 495.
492
Calculate the remainder when 224613 is divided by 19.
14
Calculate the remainder when 24593 is divided by 559.
556
Calculate the remainder when 745 is divided by 23.
9
What is the remainder when 65280 is divided by 23?
6
Calculate the remainder when 112278 is divided by 28068.
6
What is the remainder when 124695 is divided by 7?
4
What is the remainder when 27191 is divided by 159?
2
Calculate the remainder when 3492 is divided by 846.
108
What is the remainder when 6314 is divided by 428?
322
Calculate the remainder when 1305479 is divided by 989.
988
What is the remainder when 13997 is divided by 146?
127
Calculate the remainder when 119386 is divided by 737.
729
What is the remainder when 21489 is divided by 21487?
2
What is the remainder when 10133 is divided by 3372?
17
Calculate the remainder when 3847 is divided by 1921.
5
Calculate the remainder when 13596 is divided by 6636.
324
Calculate the remainder when 1626 is divided by 1596.
30
What is the remainder when 10992 is divided by 351?
111
What is the remainder when 76357 is divided by 58?
29
What is the remainder when 31828 is divided by 3976?
20
Calculate the remainder when 12107 is divided by 146.
135
Calculate the remainder when 35629 is divided by 54.
43
Calculate the remainder when 226 is divided by 67.
25
Calculate the remainder when 7252 is divided by 1809.
16
What is the remainder when 5501 is divided by 1373?
9
Calculate the remainder when 6326 is divided by 94.
28
What is the remainder when 101052 is divided by 4393?
13
Calculate the remainder when 174017 is divided by 19.
15
Calculate the remainder when 4990 is divided by 712.
6
Calculate the remainder when 9469 is divided by 86.
9
What is the remainder when 5255 is divided by 1307?
27
Calculate the remainder when 394 is divided by 288.
106
What is the remainder when 111877 is divided by 901?
153
What is the remainder when 7732953 is divided by 12?
9
What is the remainder when 2215 is divided by 477?
307
Calculate the remainder when 23153 is divided by 31.
27
Calculate the remainder when 21288 is divided by 1182.
12
What is the remainder when 5861 is divided by 849?
767
What is the remainder when 232 is divided by 31?
15
Calculate the remainder when 23786 is divided by 100.
86
What is the remainder when 11274 is divided by 67?
18
Calculate the remainder when 2239 is divided by 1672.
567
Calculate the remainder when 15752 is divided by 5248.
8
Calculate the remainder when 2267 is divided by 143.
122
Calculate the remainder when 445454 is divided by 88.
86
Calculate the remainder when 1946204 is divided by 549.
548
Calculate the remainder when 65076 is divided by 21671.
63
Calculate the remainder when 1176 is divided by 127.
33
What is the remainder when 312009 is divided by 29?
27
